f?
6
Suppose 0 = 30*s - 26*s - 12. Suppose -3*a + m + 2412 = -2*m, -2430 = -3*a - s*m. What is the units digit of a?
7
Let k(q) = 434*q**2 + 11*q - 9. What is the thousands digit of k(-8)?
7
Suppose -24*x + 747965 = -197467. What is the units digit of x?
3
Let k = -990 - -451. Let n = k - -611. What is the units digit of n?
2
Suppose 73 = -4*r - 31. What is the thousands digit of (6/(-9))/(r/42198)?
1
Suppose -63906 = 48*i + 46830. Let u = i + 3408. What is the tens digit of u?
0
Let d = -250 + 792. Let m = 62 + d. What is the tens digit of m?
0
Suppose -20*m + 19*m = -277. Let r = -502 + m. What is the hundreds digit of 2/(-3)*r/10*9?
1
Let x be (-154)/(-30) + (66/45)/(-11). Suppose 0*i - 5050 = -x*i. Suppose 2*u + 4*f - 504 = 2*f, 5*f - i = -4*u. What is the hundreds digit of u?
2
Let b(z) be the first derivative of 44*z**2 - 937. Suppose 2*v - 10 = -4*w - v, 0 = 4*w - 2*v. What is the tens digit of b(w)?
8
Let j(o) = 1729*o**2 - 69*o + 174. What is the thousands digit of j(4)?
7
Let u(d) = -65*d - 129. Let f(p) = 13*p + 26. Let w(o) = -11*f(o) - 2*u(o). Suppose -173*l = -179*l - 60. What is the tens digit of w(l)?
0
Let g(i) = 604*i + 3629. Let o be g(-6). Suppose -2028 = 3*k - 6*k. Suppose 0 = o*j + 3*p - 672, 8*j + p + k = 13*j. What is the tens digit of j?
3
Suppose 0*i - 2*i - 5 = 5*p, 35 = 4*i - 5*p. Suppose 25 = -v - i. Let o = -29 - v. What is the units digit of o?
1
Let j(u) be the third derivative of u**5/30 + u**4 - 2*u**3 - 74*u**2. What is the tens digit of j(10)?
2
Suppose -4*o + 5*s = -35, o - 7*s - 5 = -2*s. Suppose -u - 4*u = -o. Suppose -u*r + 113 = -101. What is the tens digit of r?
0
Suppose 6*k - 345 - 255 = 0. Suppose 0 = 7*s - 12*s + k. Suppose l - 2*n = 51, 0*n = 4*n + s. What is the tens digit of l?
4
Let i(l) = l**3 - 4*l**2 - 3*l - 1. Let j be i(5). Let r = 18 - 24. What is the units digit of 107 + r/(j/(-3))?
9
Let b(i) = -i**2 + 18*i - 32. Let j be b(16). Suppose j = -4*h + 4*l + 2980, 738 + 756 = 2*h - l. What is the hundreds digit of h?
7
Let b be 343/2*(12/(-4) - -5). What is the tens digit of b - ((-4 - -6) + -5 + 5)?
4
Let s(c) = c**3 + 8*c**2. Let f be s(-8). Suppose 2*b = -b - 4*v + 46, 5*v - 20 = f. Suppose 6*d = b*d - 220. What is the units digit of d?
5
Suppose 0 = f + 4*o - 27381, 30*o = 6*f + 31*o - 164309. What is the hundreds digit of f?
3
Suppose 0 = -2*r - 4*f + 10676, -2*r - 12*f + 11*f + 10682 = 0. What is the tens digit of r?
4
Let u(c) = 9*c**2 - c + 1. Let b be u(5). Suppose 0 = -j + 4*x + 9 + 4, -2 = x. Suppose 0 = j*k + 6 - b. What is the units digit of k?
3
Let c(u) be the second derivative of u**5/20 + 5*u**4/6 + u**3 - u**2/2 + 2*u. Suppose 29 - 749 = 40*r + 80*r. What is the tens digit of c(r)?
0
Suppose -60*n = -214*n + 1385230. What is the hundreds digit of n?
9
What is the ten thousands digit of ((-2)/(-36))/((-62)/186) + 149137/6?
2
Suppose -2*r + 2244 = i, 2*i - 54*r = -55*r + 4479. What is the units digit of i?
8
Suppose 8*t - 5177 - 67855 = -9*t. What is the thousands digit of t?
4
Let j be 0 - (-1 + 2 + -9). Suppose -j*m = -9*m + 6. What is the tens digit of 6*32/m*2?
6
Let z(m) = -m**3 + 41*m**2 + 22*m - 170. What is the units digit of z(41)?
2
Let o(s) be the second derivative of 13*s**4 - 13*s**3/6 - 7*s**2 + 22*s + 2. What is the hundreds digit of o(-3)?
4
Let k(d) = 5*d**3 - 16*d**2 + 55*d - 53. What is the tens digit of k(24)?
7
Suppose 0 = -3*o + q + 359, 0*o - 2*q = 2*o - 242. Let l be ((-2)/4)/(-1*(-2)/o). Let i = 74 - l. What is the units digit of i?
4
Suppose 0 = 30*b - 218525 - 1568245. What is the hundreds digit of b?
5
Suppose -16137 = 107*f - 118*f. What is the tens digit of f?
6
Let u(v) = -2*v**2 - 6*v - 3. Let k be u(-5). Let w = 819 + -756. Let a = w + k. What is the units digit of a?
0
Let d = 577 - 574. Suppose -d*j = 5*z - 4*j - 6814, 4*z = j + 5451. What is the units digit of z?
3
Let d(h) be the second derivative of -h**4/12 - h**3/3 + 6*h**2 - 24*h. Let g be d(0). What is the tens digit of g/66 + 174/11?
1
Let b(t) = -426*t**3 + 15*t**2 - 2*t - 9. What is the thousands digit of b(-3)?
1
Suppose 0*i + i = -5, 2*x - 11 = 3*i. What is the tens digit of ((-190)/(-30))/(x/(-6))?
1
Suppose -4 = -5*l - 29, -2*v - 5*l + 78957 = 0. What is the tens digit of v?
9
Suppose 22 = -2*o - 6. Let h be (-1)/2 + o/(-28). Suppose -3*f + h*f = -249. What is the tens digit of f?
8
Let c be (1 - 1)*-6*4/(-24). Suppose -6*q + 1441 + 1283 = c. What is the units digit of q?
4
Suppose 4*r - 104395 = -2*u + 22153, 0 = 3*u + 3*r - 189819. What is the hundreds digit of u?
2
Let c = 36643 - 8313. What is the hundreds digit of c?
3
What is the thousands digit of 15/(105/98) + 12398?
2
Let t be (-21)/(-28) - (-806)/(-8). Suppose w + 4*j - 333 = 0, -w + 2*j + 137 = -166. Let a = w + t. What is the hundreds digit of a?
2
Let v be ((-428)/(-20) - 1) + (-4)/10. Let y be (-34)/(-8) - (-3)/(-12). Suppose -y*h = -v, -h + 51 = 2*u - 4*h. What is the units digit of u?
3
Let j(s) = s + 2. Let o(w) = -159*w + 118. Let m(v) = 6*j(v) + o(v). What is the tens digit of m(-7)?
0
Let a(o) = -o**3 + 73*o**2 + 151*o - 214. What is the tens digit of a(72)?
4
Let t = 85 + -82. Let m(y) = 15 + 0*y**t + 2*y**2 + 10*y - 6*y**2 - y**3 - 6*y. What is the units digit of m(-5)?
0
Let q(p) be the first derivative of p**3/3 + 5*p**2/2 - 6*p + 7. Let d be q(-6). Suppose f = -2*f + c + 123, 3*f - 3*c - 117 = d. What is the units digit of f?
2
Let n = 211 + -359. Let x = 6214 - 6287. Let o = x - n. What is the tens digit of o?
7
Suppose -14*b = 399*b - 11515679. What is the hundreds digit of b?
8
Let t(n) = 12*n**2 - 25*n - 420. What is the tens digit of t(21)?
4
Let v(q) = -34*q**3 - 36*q**2 - 33*q + 22. What is the units digit of v(-7)?
1
Let n(t) = -t**3 - 13*t**2 - 2*t + 5. Let k be n(-13). Let h = -25 + k. What is the units digit of 2/(-3) + 496/h?
2
Let h(f) = f**2 - 25*f + 48. Suppose 6 = -3*p, -5*p = 2*d + 7 - 43. Let i be h(d). Suppose 2*r = 0, 3*j + r = -i*r + 663. What is the tens digit of j?
2
Let y be 37*(5 - 7)/(1/(-2)). Let v = -308 + y. Let d = 269 + v. What is the units digit of d?
9
Let q = -300 + 212. Let t = q + 413. What is the hundreds digit of t?
3
Let u(l) = -l**2 + 126*l - 268. What is the thousands digit of u(50)?
3
Suppose 0 = -h + 4*j + 14, -2*h - 20 = 4*j - 0*j. Let m(a) = 27*a**3 - 3*a**2. Let c be m(h). Let v = c - -408. What is the units digit of v?
0
Let p = -53 - -55. Let z(s) = 78*s**2 - 2*s. What is the hundreds digit of z(p)?
3
Let u be (0 - (5 - 7))/2*-1. What is the hundreds digit of (-347)/((-4 + 5)*u)?
3
Let t(w) = 1876*w - 319. What is the tens digit of t(15)?
2
What is the thousands digit of (-3)/(-6) - (0 - (-2971)/(-2))?
1
Suppose 15*y - 16*y - w = -15676, 0 = w. What is the thousands digit of y?
5
Let a = -20046 + 25781. What is the units digit of a?
5
Let l be (4/6)/((-10)/(-1065)*1). Suppose 0 = 2*w + 5 - l. Let m = 103 + w. What is the tens digit of m?
3
Suppose 182*r - 178*r = -f + 15548, -3*f + 46644 = 4*r. What is the tens digit of f?
4
Suppose 8*j = -0*j - 8. What is the tens digit of (j + 14 + -7)/(3/146)?
9
Let g(l) = -72*l - 2. Let h be g(-1). Let i = 123 - h. What is the tens digit of (-2)/((-4)/(-2)) + i?
5
Let f be 48/64*40/6. Suppose -3*w + 5*w = 3*j + 401, -f*j - 15 = 0. What is the hundreds digit of w?
1
Let o = 853 - 586. Let n = -120 + o. Suppose t = 3*h + n - 3, -3*h - 576 = -4*t. What is the hundreds digit of t?
1
Let d be (4 - 362)*-1*3/6. Let k = -74 + d. Suppose -2*t = -63 - k. What is the tens digit of t?
8
Let n = 187 + -189. Let k(d) = -94*d**3 + d**2 + 12*d + 8. What is the tens digit of k(n)?
4
Let m = 4475 - -3493. What is the tens digit of m?
6
What is the ten thousands digit of 21773/1 + -17 + (16 - 5)?
2
Suppose 8*y - 9*y + c + 43998 = 0, -3*y + 131994 = -5*c. What is the ten thousands digit of y?
4
Let b(m) be the third derivative of -23/6*m**3 + 0 + 0*m + 1/12*m**4 - 13*m**2. What is the tens digit of b(21)?
1
Suppose -12*m - 84084 = -21780. What is the tens digit of (m/(-66))/((-4)/(-6))?
1
Suppose -5*z + 351 = u, 2*u + 57 = 3*z - 164. Suppose 5*r + 2379 = 3*d + z, -3*r - 6 = 0. What is the tens digit of d?
6
Suppose -17*p + 244452 + 53898 = 0. Suppose -18*l + 33*l - p = 0. What is the hundreds digit of l?
1
Let p = 5432 - 5377. What 